{"id":573,"date":"2020-05-08T11:32:09","date_gmt":"2020-05-08T09:32:09","guid":{"rendered":"https:\/\/web.gorgees.com\/?page_id=573"},"modified":"2020-06-01T13:09:18","modified_gmt":"2020-06-01T11:09:18","slug":"familia","status":"publish","type":"page","link":"https:\/\/web.gorgees.com\/index.php\/familia\/","title":{"rendered":"Familia"},"content":{"rendered":"<p>[et_pb_section fb_built=\u00bb1&#8243; module_id=\u00bbfamilia\u00bb _builder_version=\u00bb4.4.2&#8243; custom_padding=\u00bb0px||0px||false|false\u00bb][et_pb_row _builder_version=\u00bb4.4.2&#8243; custom_margin=\u00bb|auto|-28px|auto||\u00bb custom_padding=\u00bb40px|||||\u00bb][et_pb_column type=\u00bb4_4&#8243; _builder_version=\u00bb4.4.2&#8243;][et_pb_text _builder_version=\u00bb4.4.4&#8243;]<\/p>\n<h1 style=\"text-align: center;\">FAMILIA<\/h1>\n<p>[\/et_pb_text][\/et_pb_column][\/et_pb_row][et_pb_row _builder_version=\u00bb4.4.2&#8243; width=\u00bb100%\u00bb custom_padding=\u00bb50px|||||\u00bb][et_pb_column type=\u00bb4_4&#8243; _builder_version=\u00bb4.4.2&#8243;][et_pb_text _builder_version=\u00bb4.4.4&#8243; custom_margin=\u00bb|||25px|false|false\u00bb]<\/p>\n<ul>\n<li><a href=\"https:\/\/web.gorgees.com\/index.php\/familia\/#separaciones\"><span>DIVORCIOS MATRIMONIO<\/span><\/a><\/li>\n<li><a href=\"https:\/\/web.gorgees.com\/index.php\/familia\/#separaciones\"><span>SEPARACIONES<span class=\"Apple-converted-space\">\u00a0 <\/span>DE PAREJAS NO CASADAS<\/span><\/a><\/li>\n<li><a href=\"https:\/\/web.gorgees.com\/index.php\/familia\/#separaciones\"><span>MODIFICACI\u00d3N DE MEDIDAS DE SENTENCIA PREVIA<\/span><\/a><\/li>\n<li><a href=\"https:\/\/web.gorgees.com\/index.php\/familia\/#separaciones\"><span>GUARDA Y CUSTODIA Y PENSI\u00d3N ALIMENTOS<\/span><\/a><\/li>\n<li><a href=\"https:\/\/web.gorgees.com\/index.php\/familia\/#separaciones\"><span>TANTO MUTUO ACUERDO COMO SIN ACUERDO<\/span><\/a><\/li>\n<li><a href=\"https:\/\/web.gorgees.com\/index.php\/familia\/#inventario\"><span>INVENTARIO Y LIQUIDACI\u00d3N DE BIENES GANANCIALES<\/span><\/a><\/li>\n<li><a href=\"https:\/\/web.gorgees.com\/index.php\/familia\/#paternidad\"><span>IMPUGNACI\u00d3N DE PATERNIDAD O RECLAMACI\u00d3N DE PATERNIDAD (FILIACI\u00d3N)<\/span><\/a><\/li>\n<li><a href=\"https:\/\/web.gorgees.com\/index.php\/familia\/#incapacidades\"><span>INCAPACIDADES Y TUTELA<\/span><\/a><\/li>\n<li><a href=\"https:\/\/web.gorgees.com\/index.php\/familia\/#herencia\"><span>HERENCIA; PREPARACI\u00d3N TESTAMENTOS Y ESCRITURAS HEREDITARIAS E IMPUESTOS<\/span><\/a><\/li>\n<\/ul>\n<p>[\/et_pb_text][\/et_pb_column][\/et_pb_row][\/et_pb_section][et_pb_section fb_built=\u00bb1&#8243; next_background_color=\u00bb#ffffff\u00bb module_id=\u00bbseparaciones\u00bb _builder_version=\u00bb4.4.4&#8243; background_color=\u00bb#996633&#8243; transform_scale=\u00bb122%|122%\u00bb custom_padding=\u00bb14px||99px|||\u00bb bottom_divider_style=\u00bbramp2&#8243;][et_pb_row _builder_version=\u00bb4.4.2&#8243;][et_pb_column type=\u00bb4_4&#8243; _builder_version=\u00bb4.4.2&#8243;][et_pb_text _builder_version=\u00bb4.4.4&#8243; header_2_text_color=\u00bb#ffffff\u00bb custom_margin=\u00bb20px||||false|false\u00bb]<\/p>\n<h2 style=\"text-align: center;\">DIVORCIOS, SEPARACIONES, MODIFICACI\u00d3N DE SENTENCIA PREVIA, GUARDA CUSTODIA Y PENSI\u00d3N&#8230;TANTO MUTUO ACUERDO COMO SIN ACUERDO<\/h2>\n<p>[\/et_pb_text][\/et_pb_column][\/et_pb_row][\/et_pb_section][et_pb_section fb_built=\u00bb1&#8243; _builder_version=\u00bb4.4.4&#8243;][et_pb_row _builder_version=\u00bb4.4.2&#8243;][et_pb_column type=\u00bb4_4&#8243; _builder_version=\u00bb4.4.2&#8243;][et_pb_text _builder_version=\u00bb4.4.4&#8243; text_font=\u00bb||||||||\u00bb text_font_size=\u00bb16px\u00bb header_font_size=\u00bb49px\u00bb header_2_font=\u00bb|600|||||||\u00bb header_2_text_align=\u00bbleft\u00bb header_2_line_height=\u00bb2em\u00bb header_5_line_height=\u00bb2em\u00bb text_orientation=\u00bbjustified\u00bb]<\/p>\n<h2><\/h2>\n<p><span>Si desea divorciarse, reclamar pensi\u00f3n de alimentos y\/o compensatoria, r\u00e9gimen de visitas de hijos, obtener guarda y custodia de hijos, parejas de hecho, uso de la vivienda y pagos de las deudas de hipoteca y pr\u00e9stamos, o repartir los bienes del matrimonio, etc<span class=\"Apple-converted-space\">\u00a0 <\/span>PIDA CITA y DE FORMA PERSONAL<span class=\"Apple-converted-space\">\u00a0 <\/span>le asesoraremos<span class=\"Apple-converted-space\">\u00a0 <\/span>de c\u00f3mo actuar y le confeccionaremos un PRESUPUESTO.<span class=\"Apple-converted-space\">\u00a0<\/span><\/span><\/p>\n<p><span>Para temas familiares, NO ASESORAMOS V\u00cdA INTERNET, <b>PORQUE USTED MERECE TENER UNA ATENCI\u00d3N PERSONALIZADA Y TRAT\u00c1NDOSE DE UNA DE LAS DECISIONES M\u00c1S IMPORTANTES DE SU VIDA Y CON CONSECUENCIAS NO S\u00d3LO ECON\u00d3MICAS SINO EN SU PROPIA VIDA.<\/b><\/span><\/p>\n<p><span>No basta con rellenar un formulario por internet, tiene derecho a <\/span><span><b>ENTREVISTARSE PERSONALMENTE<span class=\"Apple-converted-space\">\u00a0 <\/span>LAS VECES QUE HAGA FALTA CON SU ABOGADO sea un divorcio de mutuo acuerdo, o sin acuerdo entre los c\u00f3nyuges.<span class=\"Apple-converted-space\">\u00a0<\/span><\/b><\/span><\/p>\n<p><span>Otras webs le ofrecen divorcios de mutuo acuerdo por internet rellenando un formulario. Aqu\u00ed no. Su divorcio merece tiempo y dedicaci\u00f3n personalizada.<span class=\"Apple-converted-space\">\u00a0<\/span><\/span><\/p>\n<p><span>Adem\u00e1s tras m\u00e1s de 25 a\u00f1os siendo abogado de familia, siempre intentamos una negociaci\u00f3n y mediaci\u00f3n que posibilite un acuerdo lo que redunda en beneficio de ambas partes (especialmente no empeorando la posible mala relaci\u00f3n que surge como consecuencia de un largo proceso y sin implicar en el proceso a los hijos, evitando exploraciones judiciales y visitas al gabinete psicol\u00f3gico y social del Juzgado) y resulta finalmente m\u00e1s r\u00e1pido y mucho m\u00e1s econ\u00f3mico en costes judiciales.<\/span><\/p>\n<p><span>Lo mismo para aquellas parejas no casadas con la diferencia que en caso se querer solicitarse una pensi\u00f3n compensatoria, el plazo para hacerlo no puede ir m\u00e1s all\u00e1 de un a\u00f1o desde la ruptura efectiva (En Arag\u00f3n s\u00ed se puede; en el resto de Espa\u00f1a salvo leyes forales que lo establezcan, no hay derecho a la pensi\u00f3n compensatoria).<span class=\"Apple-converted-space\">\u00a0<\/span><\/span><\/p>\n<p><span>Si ya hay una sentencia previa, para pedir la modificaci\u00f3n de dichas medidas si no hay acuerdo (si hay acuerdo, se puede redactar un nuevo Plan Familiar o Convenio), se necesitar\u00e1 que la modificaci\u00f3n de las circunstancias que dieron lugar a tomar determinadas medidas de guarda y custodia, visitas o pensiones, deber\u00e1 ser \u201csustancial\u201d como dice la Ley, es decir, m\u00e1s que importante; y para considerarlo as\u00ed lo mejor es consultarnos para saber si dichas condiciones pueden cumplir con ese requisito de cambio sustancial y organizar la prueba de que se ha producido dicho cambio para poder tener mayores opciones de \u00e9xito en la reclamaci\u00f3n judicial.<\/span><\/p>\n<p>[\/et_pb_text][\/et_pb_column][\/et_pb_row][\/et_pb_section][et_pb_section fb_built=\u00bb1&#8243; next_background_color=\u00bb#ffffff\u00bb module_id=\u00bbinventario\u00bb _builder_version=\u00bb4.4.4&#8243; background_color=\u00bb#996633&#8243; transform_scale=\u00bb122%|122%\u00bb custom_padding=\u00bb14px||99px|||\u00bb bottom_divider_style=\u00bbramp2&#8243;][et_pb_row _builder_version=\u00bb4.4.2&#8243;][et_pb_column type=\u00bb4_4&#8243; _builder_version=\u00bb4.4.2&#8243;][et_pb_text _builder_version=\u00bb4.4.4&#8243; header_2_text_color=\u00bb#ffffff\u00bb custom_margin=\u00bb20px||||false|false\u00bb]<\/p>\n<h2 style=\"text-align: center;\">INVENTARIO Y LIQUIDACI\u00d3N DE BIENES GANANCIALES<\/h2>\n<p>[\/et_pb_text][\/et_pb_column][\/et_pb_row][\/et_pb_section][et_pb_section fb_built=\u00bb1&#8243; _builder_version=\u00bb4.4.4&#8243;][et_pb_row _builder_version=\u00bb4.4.2&#8243;][et_pb_column type=\u00bb4_4&#8243; _builder_version=\u00bb4.4.2&#8243;][et_pb_text _builder_version=\u00bb4.4.4&#8243; text_font=\u00bb||||||||\u00bb text_font_size=\u00bb16px\u00bb header_font_size=\u00bb49px\u00bb header_2_font=\u00bb|600|||||||\u00bb header_2_text_align=\u00bbleft\u00bb header_2_line_height=\u00bb2em\u00bb header_5_line_height=\u00bb2em\u00bb text_orientation=\u00bbjustified\u00bb]<\/p>\n<h2><\/h2>\n<p><span>La presentaci\u00f3n de una demanda de divorcio posibilita desde ese mismo momento (sin esperar a estar divorciado por sentencia) para poder solicitar el INVENTARIO<span class=\"Apple-converted-space\">\u00a0 <\/span>de los bienes del matrimonio si se estaba casado en r\u00e9gimen ganancial o consorcial (es decir, si no se hab\u00eda hecho una escritura de capitulaciones matrimoniales). Es decir, todo aquello que se hubiera comprado durante el matrimonio aunque figurase s\u00f3lo a nombre de uno de los dos (es de los dos).<span class=\"Apple-converted-space\">\u00a0<\/span><\/span><\/p>\n<p><span>Para ello debe presentarse una demanda con una relaci\u00f3n de los bienes y deudas<span class=\"Apple-converted-space\">\u00a0 <\/span>del matrimonio as\u00ed como una propuesta de LIQUIDACI\u00d3N es decir, qu\u00e9 se va a quedar cada una de las partes y en su caso c\u00f3mo compensar a la otra parte si no hay igualdad en el reparto (muchas veces s\u00f3lo hay una vivienda a repartir y alguna deuda adem\u00e1s de la hipoteca).<span class=\"Apple-converted-space\">\u00a0 <\/span>Si no hay acuerdo en el reparto y en su caso compensaci\u00f3n, el Juzgado deber\u00e1 nombrar a un contador-partidor que remitir\u00e1 al Juzgado su propia propuesta de reparto tras las conversaciones oportunas que tenga con los abogados de las partes y las periciales que pueda encargar (pericial econ\u00f3mica si hay participaciones de una empresa; o tasaciones inmobiliarias, etc). Los honorarios de ese contador-partidor suelen ser muy altos, por lo que se recomienda una buena negociaci\u00f3n previa a su nombramiento, y para ello hay que asesorarse bien.<\/span><\/p>\n<p>[\/et_pb_text][\/et_pb_column][\/et_pb_row][\/et_pb_section][et_pb_section fb_built=\u00bb1&#8243; next_background_color=\u00bb#ffffff\u00bb module_id=\u00bbpaternidad\u00bb _builder_version=\u00bb4.4.4&#8243; background_color=\u00bb#996633&#8243; transform_scale=\u00bb122%|122%\u00bb custom_padding=\u00bb14px||99px|||\u00bb bottom_divider_style=\u00bbramp2&#8243;][et_pb_row _builder_version=\u00bb4.4.2&#8243;][et_pb_column type=\u00bb4_4&#8243; _builder_version=\u00bb4.4.2&#8243;][et_pb_text _builder_version=\u00bb4.4.4&#8243; header_2_text_color=\u00bb#ffffff\u00bb custom_margin=\u00bb20px||||false|false\u00bb]<\/p>\n<h2 style=\"text-align: center;\">IMPUGNACI\u00d3N DE PATERNIDAD O RECLAMACI\u00d3N DE PATERNIDAD (FILIACI\u00d3N)<\/h2>\n<p>[\/et_pb_text][\/et_pb_column][\/et_pb_row][\/et_pb_section][et_pb_section fb_built=\u00bb1&#8243; _builder_version=\u00bb4.4.4&#8243;][et_pb_row _builder_version=\u00bb4.4.2&#8243;][et_pb_column type=\u00bb4_4&#8243; _builder_version=\u00bb4.4.2&#8243;][et_pb_text _builder_version=\u00bb4.4.4&#8243; text_font=\u00bb||||||||\u00bb text_font_size=\u00bb16px\u00bb header_font_size=\u00bb49px\u00bb header_2_font=\u00bb|600|||||||\u00bb header_2_text_align=\u00bbleft\u00bb header_2_line_height=\u00bb2em\u00bb header_5_line_height=\u00bb2em\u00bb text_orientation=\u00bbjustified\u00bb]<\/p>\n<h2><\/h2>\n<p><span>Son dos asuntos relacionados.<span class=\"Apple-converted-space\">\u00a0<\/span><\/span><\/p>\n<p><span>La impugnaci\u00f3n de la paternidad se produce cuando habiendo declarado en el Registro Civil ser el padre de un menor, se produce la sospecha o el conocimiento que en realidad puedes no ser el padre biol\u00f3gico de dicho menor. El procedimiento en \u00e9ste caso, si no deseas seguir figurando como padre de dicho menor (y por tanto no deseas tener derechos y obligaciones para con dicho menor, ni que sea tu heredero legal), se deber\u00e1 estudiar antes de poner la demanda sobre las pruebas posibles que haya o puedan obtenerse de las razones por las que existen esas sospechas y organizar adecuadamente la demanda judicial porque para instarse debe haber un principio de prueba.<span class=\"Apple-converted-space\">\u00a0 <\/span>En dicha demanda muy posiblemente deber\u00e1 solicitarse y efectuarse una prueba biol\u00f3gica para acreditar o no la paternidad. OJO porque existe un plazo legal para interponer la demanda de UN A\u00d1O desde el conocimiento o sospecha de la no paternidad.<\/span><\/p>\n<p><span>Tambi\u00e9n el hijo puede impugnar la paternidad si cree o sospecha no ser hijo de alguien, cuyo plazo contar\u00e1 desde que sea mayor de edad.<\/span><\/p>\n<p><span>En cuanto a la reclamaci\u00f3n de paternidad se puede producir cuando no consta en el Registro Civil la paternidad del padre, y sin embargo esta persona sabe o sospecha que en verdad pudiera ser el padre de ese hijo\/a, y desea que se le reconozca como tal a todos los efectos, tanto obligaciones (pensiones, herencia, etc) como derechos (guarda y custodia, visitas, etc). Para ello hay que preparar adecuadamente la demanda con todas las pruebas de la relaci\u00f3n habida entre los progenitores en los meses cercanos a la probable concepci\u00f3n (entre 7 y 9 meses antes del nacimiento). E incluso<span class=\"Apple-converted-space\">\u00a0 <\/span>en el proceso judicial puede solicitarse y efectuarse una prueba biol\u00f3gica para acreditar o no la paternidad.<\/span><\/p>\n<p>[\/et_pb_text][\/et_pb_column][\/et_pb_row][\/et_pb_section][et_pb_section fb_built=\u00bb1&#8243; next_background_color=\u00bb#ffffff\u00bb module_id=\u00bbincapacidades\u00bb _builder_version=\u00bb4.4.4&#8243; background_color=\u00bb#996633&#8243; transform_scale=\u00bb122%|122%\u00bb custom_padding=\u00bb14px||99px|||\u00bb bottom_divider_style=\u00bbramp2&#8243;][et_pb_row _builder_version=\u00bb4.4.2&#8243;][et_pb_column type=\u00bb4_4&#8243; _builder_version=\u00bb4.4.2&#8243;][et_pb_text _builder_version=\u00bb4.4.4&#8243; header_2_text_color=\u00bb#ffffff\u00bb custom_margin=\u00bb20px||||false|false\u00bb]<\/p>\n<h2 style=\"text-align: center;\">INCAPACIDADES Y TUTELA<\/h2>\n<p>[\/et_pb_text][\/et_pb_column][\/et_pb_row][\/et_pb_section][et_pb_section fb_built=\u00bb1&#8243; _builder_version=\u00bb4.4.4&#8243;][et_pb_row _builder_version=\u00bb4.4.2&#8243;][et_pb_column type=\u00bb4_4&#8243; _builder_version=\u00bb4.4.2&#8243;][et_pb_text _builder_version=\u00bb4.4.4&#8243; text_font=\u00bb||||||||\u00bb text_font_size=\u00bb16px\u00bb header_font_size=\u00bb49px\u00bb header_2_font=\u00bb|600|||||||\u00bb header_2_text_align=\u00bbleft\u00bb header_2_line_height=\u00bb2em\u00bb header_5_line_height=\u00bb2em\u00bb text_orientation=\u00bbjustified\u00bb]<\/p>\n<h2><\/h2>\n<p><span>En cuanto a la posibilidad de incapacitar a una persona, es un procedimiento judicial donde hay que preparar la demanda con todo tipo de certificados sobre la familia de dicha persona, con los informes m\u00e9dicos de la misma en el que se detalle ampliamente la enfermedad o discapacidad que tenga y su influencia en el d\u00eda a d\u00eda de la misma, as\u00ed como copias de las resoluciones administrativas de calificaci\u00f3n de dicha capacidad si las hubiera.<span class=\"Apple-converted-space\">\u00a0 <\/span>Adem\u00e1s debe acreditarse los bienes de los que disponga dicha persona (bienes inmuebles, y cuentas y productos bancarios).<\/span><\/p>\n<p><span>Una vez presentada la demanda, el m\u00e9dico forense y el propio juez har\u00e1n un examen a dicha persona para comprobar el grado de afectaci\u00f3n que tiene y se celebrar\u00e1 un juicio al que deber\u00e1n acudir los familiares m\u00e1s cercanos.<span class=\"Apple-converted-space\">\u00a0<\/span><\/span><\/p>\n<p><span>En la propia demanda se puede solicitar que un familiar sea el encargado de ser el tutor o curador de dicha persona y sus bienes a partir de la sentencia que se dicte.<\/span><\/p>\n<p><span>Tambi\u00e9n en la demanda se pueden solicitar medidas cautelares por ejemplo para el bloqueo de cuentas bancarias con el fin de preservar el patrimonio de la persona sobre la que se pide la incapacidad.<span class=\"Apple-converted-space\">\u00a0<\/span><\/span><\/p>\n<p><span>Existen dos figuras similares pero no iguales como la de tutor y la de curador; \u00e9sta segunda digamos que es m\u00e1s suave y permite tomar ciertas decisiones al incapacitado. En ambos casos, tras la sentencia, deber\u00e1n aceptar su cargo y cada a\u00f1o deber\u00e1n remitir al juzgado un informe econ\u00f3mico sobre los ingresos y gastos que haya tenido el incapaz y justificar el destino del dinero. Adem\u00e1s para la venta de bienes del incapaz, deber\u00e1 solicitarse una autorizaci\u00f3n judicial exponiendo los motivos de la venta, el valor justificado de la misma, y el destino que se le va a dar a dicho dinero, sin perjuicio del informe anual.<\/span><\/p>\n<p><span>Puede suceder que sean varios los familiares que deseen ser tutores o curadores, y en caso de mantenerse el desacuerdo, cada uno expondr\u00e1 sus razones en el juicio y el Juez decidir\u00e1 a qui\u00e9n encarga dicha labor.<\/span><\/p>\n<p>[\/et_pb_text][\/et_pb_column][\/et_pb_row][\/et_pb_section][et_pb_section fb_built=\u00bb1&#8243; next_background_color=\u00bb#ffffff\u00bb module_id=\u00bbherencia\u00bb _builder_version=\u00bb4.4.4&#8243; background_color=\u00bb#996633&#8243; transform_scale=\u00bb122%|122%\u00bb custom_padding=\u00bb14px||99px|||\u00bb bottom_divider_style=\u00bbramp2&#8243;][et_pb_row _builder_version=\u00bb4.4.2&#8243;][et_pb_column type=\u00bb4_4&#8243; _builder_version=\u00bb4.4.2&#8243;][et_pb_text _builder_version=\u00bb4.4.4&#8243; header_2_text_color=\u00bb#ffffff\u00bb custom_margin=\u00bb20px||||false|false\u00bb]<\/p>\n<h2 style=\"text-align: center;\">HERENCIA. TESTAMENTOS, ESCRITURAS HEREDITARIAS E IMPUESTOS<\/h2>\n<p>[\/et_pb_text][\/et_pb_column][\/et_pb_row][\/et_pb_section][et_pb_section fb_built=\u00bb1&#8243; _builder_version=\u00bb4.4.4&#8243;][et_pb_row _builder_version=\u00bb4.4.2&#8243;][et_pb_column type=\u00bb4_4&#8243; _builder_version=\u00bb4.4.2&#8243;][et_pb_text _builder_version=\u00bb4.4.4&#8243; text_font=\u00bb||||||||\u00bb text_font_size=\u00bb16px\u00bb header_font_size=\u00bb49px\u00bb header_2_font=\u00bb|600|||||||\u00bb header_2_text_align=\u00bbleft\u00bb header_2_line_height=\u00bb2em\u00bb header_5_line_height=\u00bb2em\u00bb text_orientation=\u00bbjustified\u00bb]<\/p>\n<h2><\/h2>\n<p><span>La preparaci\u00f3n de las consecuencias del fallecimiento sobre los bienes y las relaciones familiares debe ser realizada con tiempo y aunque no se prevea un fatal desenlace a corto tiempo. Por ello es recomendable efectuar testamento<span class=\"Apple-converted-space\">\u00a0 <\/span>incluso en cuanto se tenga alg\u00fan bien en propiedad.<\/span><\/p>\n<p><span>Para ello es conveniente consultar al abogado para que sepa qui\u00e9n conforma la familia, qu\u00e9 bienes existen y sobretodo cu\u00e1l es la voluntad de dicha persona y si su voluntad es compatible con la legalidad, ya que se han dado bastantes casos de fallecidos que ten\u00edan un testamento y que luego ha sido impugnado<span class=\"Apple-converted-space\">\u00a0 <\/span>en el juzgado con \u00e9xito,<span class=\"Apple-converted-space\">\u00a0 <\/span>y la voluntad real del testador no se ha podido llevar a cabo por dicho error.<\/span><\/p>\n<p><span>Adem\u00e1s una vez producido el \u00f3bito, es importante saber los derechos que asisten a los posibles herederos, est\u00e9n o no nombrados en el testamento, y las distintas opciones de aceptaci\u00f3n, de repudia o rechazo de la herencia, e incluso de reparto de los bienes, que pueden facilitar un acuerdo entre los posibles herederos. Y las consecuencias fiscales de todo ello, especialmente el impuesto de sucesiones que debe liquidarse en los seis meses siguientes al fallecimiento.<span class=\"Apple-converted-space\">\u00a0<\/span><\/span><\/p>\n<p>[\/et_pb_text][\/et_pb_column][\/et_pb_row][\/et_pb_section][et_pb_section fb_built=\u00bb1&#8243; _builder_version=\u00bb4.4.4&#8243; background_color=\u00bb#2f3a47&#8243; custom_padding=\u00bb20px||16px|||\u00bb global_module=\u00bb654&#8243;][et_pb_row _builder_version=\u00bb4.4.2&#8243;][et_pb_column type=\u00bb4_4&#8243; _builder_version=\u00bb4.4.2&#8243;][et_pb_button button_url=\u00bbhttps:\/\/web.gorgees.com\u00bb button_text=\u00bbINICIO\u00bb button_alignment=\u00bbcenter\u00bb _builder_version=\u00bb4.4.4&#8243;][\/et_pb_button][\/et_pb_column][\/et_pb_row][\/et_pb_section][et_pb_section fb_built=\u00bb1&#8243; _builder_version=\u00bb4.4.4&#8243; custom_padding=\u00bb0px||0px|||\u00bb][\/et_pb_section]<\/p>\n","protected":false},"excerpt":{"rendered":"<p>[et_pb_section fb_built=\u00bb1&#8243; module_id=\u00bbfamilia\u00bb _builder_version=\u00bb4.4.2&#8243; custom_padding=\u00bb0px||0px||false|false\u00bb][et_pb_row _builder_version=\u00bb4.4.2&#8243; custom_margin=\u00bb|auto|-28px|auto||\u00bb custom_padding=\u00bb40px|||||\u00bb][et_pb_column type=\u00bb4_4&#8243; _builder_version=\u00bb4.4.2&#8243;][et_pb_text _builder_version=\u00bb4.4.4&#8243;] FAMILIA [\/et_pb_text][\/et_pb_column][\/et_pb_row][et_pb_row _builder_version=\u00bb4.4.2&#8243; width=\u00bb100%\u00bb custom_padding=\u00bb50px|||||\u00bb][et_pb_column type=\u00bb4_4&#8243; _builder_version=\u00bb4.4.2&#8243;][et_pb_text _builder_version=\u00bb4.4.4&#8243; custom_margin=\u00bb|||25px|false|false\u00bb] DIVORCIOS MATRIMONIO SEPARACIONES\u00a0 DE PAREJAS NO CASADAS MODIFICACI\u00d3N DE MEDIDAS DE SENTENCIA PREVIA GUARDA Y CUSTODIA Y PENSI\u00d3N ALIMENTOS TANTO MUTUO ACUERDO COMO SIN ACUERDO INVENTARIO Y LIQUIDACI\u00d3N DE BIENES GANANCIALES IMPUGNACI\u00d3N DE PATERNIDAD O [&hellip;]<\/p>\n","protected":false},"author":1,"featured_media":0,"parent":0,"menu_order":0,"comment_status":"closed","ping_status":"closed","template":"","meta":{"_et_pb_use_builder":"on","_et_pb_old_content":"","_et_gb_content_width":""},"yoast_head":"<!-- This site is optimized with the Yoast SEO plugin v16.0.2 - https:\/\/yoast.com\/wordpress\/plugins\/seo\/ -->\n<title>Familia - Gorgees abogados<\/title>\n<link rel=\"canonical\" href=\"https:\/\/web.gorgees.com\/index.php\/familia\/\" \/>\n<meta property=\"og:locale\" content=\"es_ES\" \/>\n<meta property=\"og:type\" content=\"article\" \/>\n<meta property=\"og:title\" content=\"Familia - Gorgees abogados\" \/>\n<meta property=\"og:description\" content=\"[et_pb_section fb_built=\u00bb1&#8243; module_id=\u00bbfamilia\u00bb _builder_version=\u00bb4.4.2&#8243; custom_padding=\u00bb0px||0px||false|false\u00bb][et_pb_row _builder_version=\u00bb4.4.2&#8243; custom_margin=\u00bb|auto|-28px|auto||\u00bb custom_padding=\u00bb40px|||||\u00bb][et_pb_column type=\u00bb4_4&#8243; _builder_version=\u00bb4.4.2&#8243;][et_pb_text _builder_version=\u00bb4.4.4&#8243;] FAMILIA [\/et_pb_text][\/et_pb_column][\/et_pb_row][et_pb_row _builder_version=\u00bb4.4.2&#8243; width=\u00bb100%\u00bb custom_padding=\u00bb50px|||||\u00bb][et_pb_column type=\u00bb4_4&#8243; _builder_version=\u00bb4.4.2&#8243;][et_pb_text _builder_version=\u00bb4.4.4&#8243; custom_margin=\u00bb|||25px|false|false\u00bb] DIVORCIOS MATRIMONIO SEPARACIONES\u00a0 DE PAREJAS NO CASADAS MODIFICACI\u00d3N DE MEDIDAS DE SENTENCIA PREVIA GUARDA Y CUSTODIA Y PENSI\u00d3N ALIMENTOS TANTO MUTUO ACUERDO COMO SIN ACUERDO INVENTARIO Y LIQUIDACI\u00d3N DE BIENES GANANCIALES IMPUGNACI\u00d3N DE PATERNIDAD O [&hellip;]\" \/>\n<meta property=\"og:url\" content=\"https:\/\/web.gorgees.com\/index.php\/familia\/\" \/>\n<meta property=\"og:site_name\" content=\"Gorgees abogados\" \/>\n<meta property=\"article:modified_time\" content=\"2020-06-01T11:09:18+00:00\" \/>\n<meta name=\"twitter:card\" content=\"summary_large_image\" \/>\n<meta name=\"twitter:label1\" content=\"Tiempo de lectura\">\n\t<meta name=\"twitter:data1\" content=\"12 minutos\">\n<script type=\"application\/ld+json\" class=\"yoast-schema-graph\">{\"@context\":\"https:\/\/schema.org\",\"@graph\":[{\"@type\":\"WebSite\",\"@id\":\"https:\/\/web.gorgees.com\/#website\",\"url\":\"https:\/\/web.gorgees.com\/\",\"name\":\"Gorgees abogados\",\"description\":\"Bufete de abogados\",\"potentialAction\":[{\"@type\":\"SearchAction\",\"target\":\"https:\/\/web.gorgees.com\/?s={search_term_string}\",\"query-input\":\"required name=search_term_string\"}],\"inLanguage\":\"es\"},{\"@type\":\"WebPage\",\"@id\":\"https:\/\/web.gorgees.com\/index.php\/familia\/#webpage\",\"url\":\"https:\/\/web.gorgees.com\/index.php\/familia\/\",\"name\":\"Familia - Gorgees abogados\",\"isPartOf\":{\"@id\":\"https:\/\/web.gorgees.com\/#website\"},\"datePublished\":\"2020-05-08T09:32:09+00:00\",\"dateModified\":\"2020-06-01T11:09:18+00:00\",\"breadcrumb\":{\"@id\":\"https:\/\/web.gorgees.com\/index.php\/familia\/#breadcrumb\"},\"inLanguage\":\"es\",\"potentialAction\":[{\"@type\":\"ReadAction\",\"target\":[\"https:\/\/web.gorgees.com\/index.php\/familia\/\"]}]},{\"@type\":\"BreadcrumbList\",\"@id\":\"https:\/\/web.gorgees.com\/index.php\/familia\/#breadcrumb\",\"itemListElement\":[{\"@type\":\"ListItem\",\"position\":1,\"item\":{\"@type\":\"WebPage\",\"@id\":\"https:\/\/web.gorgees.com\/\",\"url\":\"https:\/\/web.gorgees.com\/\",\"name\":\"Portada\"}},{\"@type\":\"ListItem\",\"position\":2,\"item\":{\"@type\":\"WebPage\",\"@id\":\"https:\/\/web.gorgees.com\/index.php\/familia\/\",\"url\":\"https:\/\/web.gorgees.com\/index.php\/familia\/\",\"name\":\"Familia\"}}]}]}<\/script>\n<!-- \/ Yoast SEO plugin. -->","_links":{"self":[{"href":"https:\/\/web.gorgees.com\/index.php\/wp-json\/wp\/v2\/pages\/573"}],"collection":[{"href":"https:\/\/web.gorgees.com\/index.php\/wp-json\/wp\/v2\/pages"}],"about":[{"href":"https:\/\/web.gorgees.com\/index.php\/wp-json\/wp\/v2\/types\/page"}],"author":[{"embeddable":true,"href":"https:\/\/web.gorgees.com\/index.php\/wp-json\/wp\/v2\/users\/1"}],"replies":[{"embeddable":true,"href":"https:\/\/web.gorgees.com\/index.php\/wp-json\/wp\/v2\/comments?post=573"}],"version-history":[{"count":12,"href":"https:\/\/web.gorgees.com\/index.php\/wp-json\/wp\/v2\/pages\/573\/revisions"}],"predecessor-version":[{"id":791,"href":"https:\/\/web.gorgees.com\/index.php\/wp-json\/wp\/v2\/pages\/573\/revisions\/791"}],"wp:attachment":[{"href":"https:\/\/web.gorgees.com\/index.php\/wp-json\/wp\/v2\/media?parent=573"}],"curies":[{"name":"wp","href":"https:\/\/api.w.org\/{rel}","templated":true}]}}