{"id":779,"date":"2020-05-29T11:59:33","date_gmt":"2020-05-29T09:59:33","guid":{"rendered":"https:\/\/web.gorgees.com\/?page_id=779"},"modified":"2020-05-29T12:00:41","modified_gmt":"2020-05-29T10:00:41","slug":"derecho-administrativo-y-contencioso","status":"publish","type":"page","link":"https:\/\/web.gorgees.com\/index.php\/derecho-administrativo-y-contencioso\/","title":{"rendered":"Derecho administrativo y contencioso"},"content":{"rendered":"<p>[et_pb_section fb_built=\u00bb1&#8243; module_id=\u00bbciviles\u00bb _builder_version=\u00bb4.4.2&#8243; custom_margin=\u00bb||24px|||\u00bb custom_padding=\u00bb0px||0px||false|false\u00bb][et_pb_row _builder_version=\u00bb4.4.2&#8243; custom_margin=\u00bb|auto|-28px|auto||\u00bb custom_padding=\u00bb40px|||||\u00bb][et_pb_column type=\u00bb4_4&#8243; _builder_version=\u00bb4.4.2&#8243;][et_pb_text _builder_version=\u00bb4.4.4&#8243; header_text_align=\u00bbleft\u00bb custom_margin=\u00bb0px|||25px|false|false\u00bb custom_padding=\u00bb|50px|||false|false\u00bb link_option_url=\u00bbhttps:\/\/web.gorgees.com\/index.php\/reclamaciones-civiles\/\u00bb header_font_size_tablet=\u00bb\u00bb header_font_size_phone=\u00bb\u00bb header_font_size_last_edited=\u00bbon|phone\u00bb]<\/p>\n<h1 style=\"text-align: center;\">DERECHO ADMINISTRATIVO Y CONTENCIOSO<\/h1>\n<p>[\/et_pb_text][\/et_pb_column][\/et_pb_row][et_pb_row _builder_version=\u00bb4.4.2&#8243; width=\u00bb100%\u00bb custom_padding=\u00bb50px|||||\u00bb][et_pb_column type=\u00bb4_4&#8243; _builder_version=\u00bb4.4.2&#8243;][et_pb_text _builder_version=\u00bb4.4.4&#8243; custom_margin=\u00bb|||25px|false|false\u00bb hover_enabled=\u00bb0&#8243;]<\/p>\n<p><a href=\"https:\/\/web.gorgees.com\/index.php\/reclamaciones-civiles\/#contratos\"><span><\/span><\/a><\/p>\n<ul>\n<li><a href=\"#recursosadmon\"><span>RECURSOS ADMINISTRATIVOS Y JUDICIALES CONTRA DECISIONES DE LA ADMINISTRACI\u00d3N<\/span><\/a><\/li>\n<li><a href=\"#sanciones\"><span>MULTAS Y SANCIONES, INCLUIDA DE TRANSPORTISTAS<\/span><\/a><\/li>\n<li><a href=\"#urbanismo\"><span>URBANISMO; LICENCIAS CONSTRUCCI\u00d3N Y MEDIOAMBIENTALES Y APERTURA<\/span><\/a><\/li>\n<li><a href=\"#expropiaciones\"><span>EXPROPIACIONES Y VALORACI\u00d3N<\/span><\/a><\/li>\n<li><a href=\"#extranjeria\"><span>EXTRANJER\u00cdA<\/span><\/a><\/li>\n<li><a href=\"#plusvalia\"><span>PLUSVAL\u00cdA MUNICIPAL<\/span><\/a><\/li>\n<\/ul>\n<p>[\/et_pb_text][\/et_pb_column][\/et_pb_row][\/et_pb_section][et_pb_section fb_built=\u00bb1&#8243; next_background_color=\u00bb#ffffff\u00bb module_id=\u00bbrecursosadmon\u00bb _builder_version=\u00bb4.4.4&#8243; background_color=\u00bb#996633&#8243; transform_scale=\u00bb122%|122%\u00bb custom_padding=\u00bb14px||99px|||\u00bb bottom_divider_style=\u00bbramp2&#8243;][et_pb_row _builder_version=\u00bb4.4.2&#8243;][et_pb_column type=\u00bb4_4&#8243; _builder_version=\u00bb4.4.2&#8243;][et_pb_text _builder_version=\u00bb4.4.4&#8243; header_2_text_color=\u00bb#ffffff\u00bb custom_margin=\u00bb20px||||false|false\u00bb]<\/p>\n<h2 style=\"text-align: center;\"><span><b>RECURSOS ADMINISTRATIVOS Y JUDICIALES CONTRA DECISIONES DE LA ADMINISTRACI\u00d3N<\/b><\/span><\/h2>\n<p>[\/et_pb_text][\/et_pb_column][\/et_pb_row][\/et_pb_section][et_pb_section fb_built=\u00bb1&#8243; _builder_version=\u00bb4.4.4&#8243;][et_pb_row _builder_version=\u00bb4.4.2&#8243;][et_pb_column type=\u00bb4_4&#8243; _builder_version=\u00bb4.4.2&#8243;][et_pb_text _builder_version=\u00bb4.4.4&#8243; text_font=\u00bb||||||||\u00bb text_font_size=\u00bb16px\u00bb header_font_size=\u00bb49px\u00bb header_2_font=\u00bb|600|||||||\u00bb header_2_text_align=\u00bbleft\u00bb header_2_line_height=\u00bb2em\u00bb header_5_line_height=\u00bb2em\u00bb text_orientation=\u00bbjustified\u00bb]<\/p>\n<h2><\/h2>\n<p><span>La Administraci\u00f3n en ocasiones se comporta con el ciudadano como un rodillo y dicta Resoluciones que no siempre son ajustadas a Derecho. En muchas ocasiones el cliente acude al Abogado cuando s\u00f3lo queda la v\u00eda judicial, y \u00e9sta estar\u00e1 limitada por las alegaciones<span class=\"Apple-converted-space\">\u00a0 <\/span>que se hayan alegado en v\u00eda administrativa, que desde luego si son efectuadas por un abogado experto, cubrir\u00e1n todas las justificaciones legales para obtener la raz\u00f3n, bien en v\u00eda administrativa bien en la v\u00eda judicial posterior.<span class=\"Apple-converted-space\">\u00a0<\/span><\/span><\/p>\n<p><span>Por ello es importante que desde el primer momento que surja el problema, o se haya iniciado un expediente por la Administraci\u00f3n, contactar con el abogado<\/span><\/p>\n<p>[\/et_pb_text][\/et_pb_column][\/et_pb_row][\/et_pb_section][et_pb_section fb_built=\u00bb1&#8243; next_background_color=\u00bb#ffffff\u00bb module_id=\u00bbsanciones\u00bb _builder_version=\u00bb4.4.4&#8243; background_color=\u00bb#996633&#8243; transform_scale=\u00bb122%|122%\u00bb custom_padding=\u00bb14px||99px|||\u00bb bottom_divider_style=\u00bbramp2&#8243;][et_pb_row _builder_version=\u00bb4.4.2&#8243;][et_pb_column type=\u00bb4_4&#8243; _builder_version=\u00bb4.4.2&#8243;][et_pb_text _builder_version=\u00bb4.4.4&#8243; header_2_text_color=\u00bb#ffffff\u00bb custom_margin=\u00bb20px||||false|false\u00bb]<\/p>\n<h2 style=\"text-align: center;\"><span>MULTAS Y SANCIONES, INCLUIDA DE TRANSPORTISTAS<\/span><\/h2>\n<p>[\/et_pb_text][\/et_pb_column][\/et_pb_row][\/et_pb_section][et_pb_section fb_built=\u00bb1&#8243; _builder_version=\u00bb4.4.4&#8243;][et_pb_row _builder_version=\u00bb4.4.2&#8243;][et_pb_column type=\u00bb4_4&#8243; _builder_version=\u00bb4.4.2&#8243;][et_pb_text _builder_version=\u00bb4.4.4&#8243; text_font=\u00bb||||||||\u00bb text_font_size=\u00bb16px\u00bb header_font_size=\u00bb49px\u00bb header_2_font=\u00bb|600|||||||\u00bb header_2_text_align=\u00bbleft\u00bb header_2_line_height=\u00bb2em\u00bb header_5_line_height=\u00bb2em\u00bb text_orientation=\u00bbjustified\u00bb]<\/p>\n<h2><\/h2>\n<p><span>Todas las multas y sanciones son recurribles, aunque en los \u00faltimos a\u00f1os la Administraci\u00f3n ha recurrido a una t\u00e1ctica econ\u00f3mica; pongo un precio a la multa pero si la pagas sin protestar te rebajo a la mitad la multa.<span class=\"Apple-converted-space\">\u00a0<\/span><\/span><\/p>\n<p><span>Si crees que has sido sancionado err\u00f3neamente, tienes Derecho a recurrir.<\/span><\/p>\n<p><span>Normalmente las sanciones son de tr\u00e1fico o de aparcamiento pero hay muchas otras sanciones de cuant\u00eda elevada como por ejemplo las de urbanismo, las referidas a apertura de locales, las de horarios o ruidos, etc que pueden suponer elevadas cuant\u00edas y que pueden ser recurridas.<\/span><\/p>\n<p><span>Lo mismo sucede con las multas a transportistas por cuestiones relacionadas con el tac\u00f3grafo, el exceso de carga, etc que son multas de miles de euros y que merecen ser estudiadas para comprobar si la calificaci\u00f3n de leve, grave o muy grave se ajusta a la realidad porque de ello depende la cuant\u00eda de la multa.<\/span><\/p>\n<p>[\/et_pb_text][\/et_pb_column][\/et_pb_row][\/et_pb_section][et_pb_section fb_built=\u00bb1&#8243; next_background_color=\u00bb#ffffff\u00bb module_id=\u00bburbanismo\u00bb _builder_version=\u00bb4.4.4&#8243; background_color=\u00bb#996633&#8243; transform_scale=\u00bb122%|122%\u00bb custom_padding=\u00bb14px||99px|||\u00bb bottom_divider_style=\u00bbramp2&#8243;][et_pb_row _builder_version=\u00bb4.4.2&#8243;][et_pb_column type=\u00bb4_4&#8243; _builder_version=\u00bb4.4.2&#8243;][et_pb_text _builder_version=\u00bb4.4.4&#8243; header_2_text_color=\u00bb#ffffff\u00bb custom_margin=\u00bb20px||||false|false\u00bb]<\/p>\n<h2 style=\"text-align: center;\"><span><b>URBANISMO; LICENCIAS CONSTRUCCI\u00d3N Y MEDIOAMBIENTALES Y APERTURA<\/b><\/span><\/h2>\n<p>[\/et_pb_text][\/et_pb_column][\/et_pb_row][\/et_pb_section][et_pb_section fb_built=\u00bb1&#8243; _builder_version=\u00bb4.4.4&#8243;][et_pb_row _builder_version=\u00bb4.4.2&#8243;][et_pb_column type=\u00bb4_4&#8243; _builder_version=\u00bb4.4.2&#8243;][et_pb_text _builder_version=\u00bb4.4.4&#8243; text_font=\u00bb||||||||\u00bb text_font_size=\u00bb16px\u00bb header_font_size=\u00bb49px\u00bb header_2_font=\u00bb|600|||||||\u00bb header_2_text_align=\u00bbleft\u00bb header_2_line_height=\u00bb2em\u00bb header_5_line_height=\u00bb2em\u00bb text_orientation=\u00bbjustified\u00bb]<\/p>\n<h2><\/h2>\n<p><span>La solicitud de licencias de construcci\u00f3n y de licencias medioambientales o de apertura seg\u00fan el negocio que se trate conlleva una gran burocracia y papeleo, que debe realizarse adecuadamente para evitar la denegaci\u00f3n o el alargamiento de los tr\u00e1mites legales para su obtenci\u00f3n.<\/span><\/p>\n<p><span>Y por tanto para evitar la posible aplicaci\u00f3n de sanciones en el futuro.<\/span><\/p>\n<p><span>Por dicha raz\u00f3n, debes estar bien asesorado.<\/span><\/p>\n<p>[\/et_pb_text][\/et_pb_column][\/et_pb_row][\/et_pb_section][et_pb_section fb_built=\u00bb1&#8243; next_background_color=\u00bb#ffffff\u00bb module_id=\u00bbexpropiaciones\u00bb _builder_version=\u00bb4.4.4&#8243; background_color=\u00bb#996633&#8243; transform_scale=\u00bb122%|122%\u00bb custom_padding=\u00bb14px||99px|||\u00bb bottom_divider_style=\u00bbramp2&#8243;][et_pb_row _builder_version=\u00bb4.4.2&#8243;][et_pb_column type=\u00bb4_4&#8243; _builder_version=\u00bb4.4.2&#8243;][et_pb_text _builder_version=\u00bb4.4.4&#8243; header_2_text_color=\u00bb#ffffff\u00bb custom_margin=\u00bb20px||||false|false\u00bb]<\/p>\n<h2 style=\"text-align: center;\"><span><b>EXPROPIACIONES Y VALORACI\u00d3N<\/b><\/span><\/h2>\n<p>[\/et_pb_text][\/et_pb_column][\/et_pb_row][\/et_pb_section][et_pb_section fb_built=\u00bb1&#8243; _builder_version=\u00bb4.4.4&#8243;][et_pb_row _builder_version=\u00bb4.4.2&#8243;][et_pb_column type=\u00bb4_4&#8243; _builder_version=\u00bb4.4.2&#8243;][et_pb_text _builder_version=\u00bb4.4.4&#8243; text_font=\u00bb||||||||\u00bb text_font_size=\u00bb16px\u00bb header_font_size=\u00bb49px\u00bb header_2_font=\u00bb|600|||||||\u00bb header_2_text_align=\u00bbleft\u00bb header_2_line_height=\u00bb2em\u00bb header_5_line_height=\u00bb2em\u00bb text_orientation=\u00bbjustified\u00bb]<\/p>\n<h2><\/h2>\n<p><span>Encontrarte en un proceso expropiatorio es una de las experiencias m\u00e1s desagradables que un ciudadano se puede encontrar ante la maquinar\u00eda burocr\u00e1tica que puede llegar a sufrir, despoj\u00e1ndolo de sus bienes, muchas veces que han pertenecido a la familia durante d\u00e9cadas. Y adem\u00e1s cuando recibes la propuesta de valoraci\u00f3n es desesperante el precio que se oferta.<\/span><\/p>\n<p><span>Por ello, desde el mismo momento de la recepci\u00f3n de la primera notificaci\u00f3n es important\u00edsimo contar con un abogado especializado que luchar\u00e1 por conseguir la mejor de las indemnizaciones e incluso si es necesario solicitar que no s\u00f3lo se indemnice una parte del terreno por ejemplo sino por todo el terreno si el que queda es inservible; o conseguir que se abone la actividad productiva que se desarrollaba en el terreno, o la valoraci\u00f3n del subsuelo si era susceptible de explotaci\u00f3n.<\/span><\/p>\n<p><span>Hemos intervenido en expropiaciones del AVE, de Autov\u00edas, de Explotaciones de Minas,<span class=\"Apple-converted-space\">\u00a0 <\/span>y de terrenos, etc, conociendo los m\u00e9todos de valoraci\u00f3n y los informes que son necesarios efectuar para defender al cliente.<\/span><\/p>\n<p>[\/et_pb_text][\/et_pb_column][\/et_pb_row][\/et_pb_section][et_pb_section fb_built=\u00bb1&#8243; next_background_color=\u00bb#ffffff\u00bb module_id=\u00bbextranjeria\u00bb _builder_version=\u00bb4.4.4&#8243; background_color=\u00bb#996633&#8243; transform_scale=\u00bb122%|122%\u00bb custom_padding=\u00bb14px||99px|||\u00bb bottom_divider_style=\u00bbramp2&#8243;][et_pb_row _builder_version=\u00bb4.4.2&#8243;][et_pb_column type=\u00bb4_4&#8243; _builder_version=\u00bb4.4.2&#8243;][et_pb_text _builder_version=\u00bb4.4.4&#8243; header_2_text_color=\u00bb#ffffff\u00bb custom_margin=\u00bb20px||||false|false\u00bb]<\/p>\n<h2 style=\"text-align: center;\">EXTRANJER\u00cdA<\/h2>\n<p>[\/et_pb_text][\/et_pb_column][\/et_pb_row][\/et_pb_section][et_pb_section fb_built=\u00bb1&#8243; _builder_version=\u00bb4.4.4&#8243;][et_pb_row _builder_version=\u00bb4.4.2&#8243;][et_pb_column type=\u00bb4_4&#8243; _builder_version=\u00bb4.4.2&#8243;][et_pb_text _builder_version=\u00bb4.4.4&#8243; text_font=\u00bb||||||||\u00bb text_font_size=\u00bb16px\u00bb header_font_size=\u00bb49px\u00bb header_2_font=\u00bb|600|||||||\u00bb header_2_text_align=\u00bbleft\u00bb header_2_line_height=\u00bb2em\u00bb header_5_line_height=\u00bb2em\u00bb text_orientation=\u00bbjustified\u00bb]<\/p>\n<h2><\/h2>\n<p><span>Uno de los asuntos que m\u00e1s litigiosidad concentra son los expedientes de extranjer\u00eda, bien sean de expulsi\u00f3n, de renovaci\u00f3n de permisos<span class=\"Apple-converted-space\">\u00a0 <\/span>de residencia y trabajo, de asilo, etc y que en muchas ocasiones obtiene buenos resultados en v\u00eda judicial.<\/span><\/p>\n<p><span>Hemos pertenecido al S.A.O.J.I. durante muchos a\u00f1os (servicio de asistencia y orientaci\u00f3n jur\u00eddica a inmigrantes); y conseguido sentencias novedosas con repercusi\u00f3n nacional (TVE, El Pa\u00eds).<\/span><\/p>\n<p>[\/et_pb_text][\/et_pb_column][\/et_pb_row][\/et_pb_section][et_pb_section fb_built=\u00bb1&#8243; next_background_color=\u00bb#ffffff\u00bb module_id=\u00bbplusvalia\u00bb _builder_version=\u00bb4.4.4&#8243; background_color=\u00bb#996633&#8243; transform_scale=\u00bb122%|122%\u00bb custom_padding=\u00bb14px||99px|||\u00bb bottom_divider_style=\u00bbramp2&#8243;][et_pb_row _builder_version=\u00bb4.4.2&#8243;][et_pb_column type=\u00bb4_4&#8243; _builder_version=\u00bb4.4.2&#8243;][et_pb_text _builder_version=\u00bb4.4.4&#8243; header_2_text_color=\u00bb#ffffff\u00bb custom_margin=\u00bb20px||||false|false\u00bb]<\/p>\n<h2 style=\"text-align: center;\">PLUSVAL\u00cdA MUNICIPAL<\/h2>\n<p>[\/et_pb_text][\/et_pb_column][\/et_pb_row][\/et_pb_section][et_pb_section fb_built=\u00bb1&#8243; _builder_version=\u00bb4.4.4&#8243;][et_pb_row _builder_version=\u00bb4.4.2&#8243;][et_pb_column type=\u00bb4_4&#8243; _builder_version=\u00bb4.4.2&#8243;][et_pb_text _builder_version=\u00bb4.4.4&#8243; text_font=\u00bb||||||||\u00bb text_font_size=\u00bb16px\u00bb header_font_size=\u00bb49px\u00bb header_2_font=\u00bb|600|||||||\u00bb header_2_text_align=\u00bbleft\u00bb header_2_line_height=\u00bb2em\u00bb header_5_line_height=\u00bb2em\u00bb text_orientation=\u00bbjustified\u00bb]<\/p>\n<h2><\/h2>\n<p><span>La crisis del 2008 y a\u00f1os siguientes ha hecho que los precios de las viviendas hayan bajado considerablemente y que las actuales ventas producidas de aquellos inmuebles comprados antes de la crisis sean por menores precios, y sin embargo los Ayuntamientos sigan cobrando enormes cantidades de dinero a los vendedores por la llamada Plusval\u00eda (Impuesto sobre el incremento del valor de los terrenos de naturaleza urbana) por cuanto se elevaron considerablemente las Bases de c\u00e1lculo fiscal del Catastro, y adem\u00e1s no se toma el valor que aparece en el recibo de IBI sino s\u00f3lo el valor del suelo, no de la construcci\u00f3n. Existen ya numerosas sentencias judiciales que estiman que no se ha producido un incremento real del valor y anulan el recibo de dicho impuesto que suele ser de miles de euros, en la mayor\u00eda de las ocasiones elevad\u00edsimas cantidades.<\/span><\/p>\n<p><span>Por ello consulta a un abogado que desde antes incluso de la compraventa, te asesore sobre la posible Plusval\u00eda.<\/span><\/p>\n<p>[\/et_pb_text][\/et_pb_column][\/et_pb_row][\/et_pb_section][et_pb_section fb_built=\u00bb1&#8243; _builder_version=\u00bb4.4.4&#8243; background_color=\u00bb#2f3a47&#8243; custom_padding=\u00bb20px||16px|||\u00bb global_module=\u00bb654&#8243;][et_pb_row _builder_version=\u00bb4.4.2&#8243;][et_pb_column type=\u00bb4_4&#8243; _builder_version=\u00bb4.4.2&#8243;][et_pb_button button_url=\u00bbhttps:\/\/web.gorgees.com\u00bb button_text=\u00bbINICIO\u00bb button_alignment=\u00bbcenter\u00bb _builder_version=\u00bb4.4.4&#8243;][\/et_pb_button][\/et_pb_column][\/et_pb_row][\/et_pb_section]<\/p>\n","protected":false},"excerpt":{"rendered":"<p>[et_pb_section fb_built=\u00bb1&#8243; module_id=\u00bbciviles\u00bb _builder_version=\u00bb4.4.2&#8243; custom_margin=\u00bb||24px|||\u00bb custom_padding=\u00bb0px||0px||false|false\u00bb][et_pb_row _builder_version=\u00bb4.4.2&#8243; custom_margin=\u00bb|auto|-28px|auto||\u00bb custom_padding=\u00bb40px|||||\u00bb][et_pb_column type=\u00bb4_4&#8243; _builder_version=\u00bb4.4.2&#8243;][et_pb_text _builder_version=\u00bb4.4.4&#8243; header_text_align=\u00bbleft\u00bb custom_margin=\u00bb0px|||25px|false|false\u00bb custom_padding=\u00bb|50px|||false|false\u00bb link_option_url=\u00bbhttps:\/\/web.gorgees.com\/index.php\/reclamaciones-civiles\/\u00bb header_font_size_tablet=\u00bb\u00bb header_font_size_phone=\u00bb\u00bb header_font_size_last_edited=\u00bbon|phone\u00bb] DERECHO ADMINISTRATIVO Y CONTENCIOSO [\/et_pb_text][\/et_pb_column][\/et_pb_row][et_pb_row _builder_version=\u00bb4.4.2&#8243; width=\u00bb100%\u00bb custom_padding=\u00bb50px|||||\u00bb][et_pb_column type=\u00bb4_4&#8243; _builder_version=\u00bb4.4.2&#8243;][et_pb_text _builder_version=\u00bb4.4.4&#8243; custom_margin=\u00bb|||25px|false|false\u00bb hover_enabled=\u00bb0&#8243;] RECURSOS ADMINISTRATIVOS Y JUDICIALES CONTRA DECISIONES DE LA ADMINISTRACI\u00d3N MULTAS Y SANCIONES, INCLUIDA DE TRANSPORTISTAS URBANISMO; LICENCIAS CONSTRUCCI\u00d3N Y MEDIOAMBIENTALES Y APERTURA EXPROPIACIONES [&hellip;]<\/p>\n","protected":false},"author":1,"featured_media":0,"parent":0,"menu_order":0,"comment_status":"closed","ping_status":"closed","template":"","meta":{"_et_pb_use_builder":"on","_et_pb_old_content":"","_et_gb_content_width":""},"yoast_head":"<!-- This site is optimized with the Yoast SEO plugin v16.0.2 - https:\/\/yoast.com\/wordpress\/plugins\/seo\/ -->\n<title>Derecho administrativo y contencioso - Gorgees abogados<\/title>\n<link rel=\"canonical\" href=\"https:\/\/web.gorgees.com\/index.php\/derecho-administrativo-y-contencioso\/\" \/>\n<meta property=\"og:locale\" content=\"es_ES\" \/>\n<meta property=\"og:type\" content=\"article\" \/>\n<meta property=\"og:title\" content=\"Derecho administrativo y contencioso - Gorgees abogados\" \/>\n<meta property=\"og:description\" content=\"[et_pb_section fb_built=\u00bb1&#8243; module_id=\u00bbciviles\u00bb _builder_version=\u00bb4.4.2&#8243; custom_margin=\u00bb||24px|||\u00bb custom_padding=\u00bb0px||0px||false|false\u00bb][et_pb_row _builder_version=\u00bb4.4.2&#8243; custom_margin=\u00bb|auto|-28px|auto||\u00bb custom_padding=\u00bb40px|||||\u00bb][et_pb_column type=\u00bb4_4&#8243; _builder_version=\u00bb4.4.2&#8243;][et_pb_text _builder_version=\u00bb4.4.4&#8243; header_text_align=\u00bbleft\u00bb custom_margin=\u00bb0px|||25px|false|false\u00bb custom_padding=\u00bb|50px|||false|false\u00bb link_option_url=\u00bbhttps:\/\/web.gorgees.com\/index.php\/reclamaciones-civiles\/\u00bb header_font_size_tablet=\u00bb\u00bb header_font_size_phone=\u00bb\u00bb header_font_size_last_edited=\u00bbon|phone\u00bb] DERECHO ADMINISTRATIVO Y CONTENCIOSO [\/et_pb_text][\/et_pb_column][\/et_pb_row][et_pb_row _builder_version=\u00bb4.4.2&#8243; width=\u00bb100%\u00bb custom_padding=\u00bb50px|||||\u00bb][et_pb_column type=\u00bb4_4&#8243; _builder_version=\u00bb4.4.2&#8243;][et_pb_text _builder_version=\u00bb4.4.4&#8243; custom_margin=\u00bb|||25px|false|false\u00bb hover_enabled=\u00bb0&#8243;] RECURSOS ADMINISTRATIVOS Y JUDICIALES CONTRA DECISIONES DE LA ADMINISTRACI\u00d3N MULTAS Y SANCIONES, INCLUIDA DE TRANSPORTISTAS URBANISMO; LICENCIAS CONSTRUCCI\u00d3N Y MEDIOAMBIENTALES Y APERTURA EXPROPIACIONES [&hellip;]\" \/>\n<meta property=\"og:url\" content=\"https:\/\/web.gorgees.com\/index.php\/derecho-administrativo-y-contencioso\/\" \/>\n<meta property=\"og:site_name\" content=\"Gorgees abogados\" \/>\n<meta property=\"article:modified_time\" content=\"2020-05-29T10:00:41+00:00\" \/>\n<meta name=\"twitter:card\" content=\"summary_large_image\" \/>\n<meta name=\"twitter:label1\" content=\"Tiempo de lectura\">\n\t<meta name=\"twitter:data1\" content=\"9 minutos\">\n<script type=\"application\/ld+json\" class=\"yoast-schema-graph\">{\"@context\":\"https:\/\/schema.org\",\"@graph\":[{\"@type\":\"WebSite\",\"@id\":\"https:\/\/web.gorgees.com\/#website\",\"url\":\"https:\/\/web.gorgees.com\/\",\"name\":\"Gorgees abogados\",\"description\":\"Bufete de abogados\",\"potentialAction\":[{\"@type\":\"SearchAction\",\"target\":\"https:\/\/web.gorgees.com\/?s={search_term_string}\",\"query-input\":\"required name=search_term_string\"}],\"inLanguage\":\"es\"},{\"@type\":\"WebPage\",\"@id\":\"https:\/\/web.gorgees.com\/index.php\/derecho-administrativo-y-contencioso\/#webpage\",\"url\":\"https:\/\/web.gorgees.com\/index.php\/derecho-administrativo-y-contencioso\/\",\"name\":\"Derecho administrativo y contencioso - Gorgees abogados\",\"isPartOf\":{\"@id\":\"https:\/\/web.gorgees.com\/#website\"},\"datePublished\":\"2020-05-29T09:59:33+00:00\",\"dateModified\":\"2020-05-29T10:00:41+00:00\",\"breadcrumb\":{\"@id\":\"https:\/\/web.gorgees.com\/index.php\/derecho-administrativo-y-contencioso\/#breadcrumb\"},\"inLanguage\":\"es\",\"potentialAction\":[{\"@type\":\"ReadAction\",\"target\":[\"https:\/\/web.gorgees.com\/index.php\/derecho-administrativo-y-contencioso\/\"]}]},{\"@type\":\"BreadcrumbList\",\"@id\":\"https:\/\/web.gorgees.com\/index.php\/derecho-administrativo-y-contencioso\/#breadcrumb\",\"itemListElement\":[{\"@type\":\"ListItem\",\"position\":1,\"item\":{\"@type\":\"WebPage\",\"@id\":\"https:\/\/web.gorgees.com\/\",\"url\":\"https:\/\/web.gorgees.com\/\",\"name\":\"Portada\"}},{\"@type\":\"ListItem\",\"position\":2,\"item\":{\"@type\":\"WebPage\",\"@id\":\"https:\/\/web.gorgees.com\/index.php\/derecho-administrativo-y-contencioso\/\",\"url\":\"https:\/\/web.gorgees.com\/index.php\/derecho-administrativo-y-contencioso\/\",\"name\":\"Derecho administrativo y contencioso\"}}]}]}<\/script>\n<!-- \/ Yoast SEO plugin. -->","_links":{"self":[{"href":"https:\/\/web.gorgees.com\/index.php\/wp-json\/wp\/v2\/pages\/779"}],"collection":[{"href":"https:\/\/web.gorgees.com\/index.php\/wp-json\/wp\/v2\/pages"}],"about":[{"href":"https:\/\/web.gorgees.com\/index.php\/wp-json\/wp\/v2\/types\/page"}],"author":[{"embeddable":true,"href":"https:\/\/web.gorgees.com\/index.php\/wp-json\/wp\/v2\/users\/1"}],"replies":[{"embeddable":true,"href":"https:\/\/web.gorgees.com\/index.php\/wp-json\/wp\/v2\/comments?post=779"}],"version-history":[{"count":3,"href":"https:\/\/web.gorgees.com\/index.php\/wp-json\/wp\/v2\/pages\/779\/revisions"}],"predecessor-version":[{"id":784,"href":"https:\/\/web.gorgees.com\/index.php\/wp-json\/wp\/v2\/pages\/779\/revisions\/784"}],"wp:attachment":[{"href":"https:\/\/web.gorgees.com\/index.php\/wp-json\/wp\/v2\/media?parent=779"}],"curies":[{"name":"wp","href":"https:\/\/api.w.org\/{rel}","templated":true}]}}